 = -c + 1 - c - 6. Let h = 6 + -13. List the prime factors of w(h).
3
Suppose -3*n = -2*c + 188, 2*c - 348 = -2*c - n. What are the prime factors of c?
2, 11
Let t = 8 + -2. Suppose -354 = -t*w - 0*w. What are the prime factors of w?
59
Let j(u) = -6*u - 21. List the prime factors of j(-9).
3, 11
Suppose 5*i = n - 2*n + 61, i + 37 = n. What are the prime factors of n?
41
Let y(t) = 3*t - 1. Let u be y(1). Let c be ((-6)/10)/(u/(-10)). List the prime factors of -3 - (c + -2 + -19).
3, 5
Let i(x) = -x**2 - 8 + 3*x**2 - 3*x**2 + 0*x**2 + 10*x. List the prime factors of i(7).
13
Suppose -q + 4 = 8, 5*r - 14 = q. Suppose 3*z + 2*m - 44 = 0, 33 = 2*z + m + r. List the prime factors of z.
2, 3
Let s(p) = -72 - 8*p - 9*p + 70. What are the prime factors of s(-1)?
3, 5
Let b = 19 - 6. Let d(z) = z**2 - 12*z + 7. List the prime factors of d(b).
2, 5
Let x(t) = -3*t - 6. Let p be x(-4). Suppose g = -2*g + 6. Suppose g*i = p*i - 8. What are the prime factors of i?
2
Suppose a + 2 = 3. Suppose -26 = -2*i - 4*g, i = 2*g + 3*g - a. What are the prime factors of i?
3
Suppose -3 = -d, 13 = -3*s + 4*s + 3*d. Suppose -3*g = g + s. List the prime factors of -1 + g + 6 + 6.
2, 5
Suppose 0*q - q = 2*t - 65, 3*t - 275 = -4*q. List the prime factors of q.
71
Suppose -q + 15 = -4. What are the prime factors of q?
19
Suppose 3*h - 4 = k, 4*k - 2*h - 4 = -0. Let i be (0 + 1)*13 - k. Suppose -c + i = -0*c. List the prime factors of c.
11
Let l = 51 + -36. List the prime factors of l.
3, 5
Suppose -9 = -2*q + 9. Let b(n) = 3 - 5 + 4 + n**2 - 7*n + 3. List the prime factors of b(q).
23
Let i(g) = -g**2 + 5*g - 3. Let d be i(4). Let m(n) = -1 + 5 + 4*n - n**2 + d. What are the prime factors of m(4)?
5
Suppose 2*b + 3*n - 66 = 77, -3*b + n = -209. What are the prime factors of (-1 - -3)*b/4?
5, 7
Suppose -2*b = 3*b - 65. List the prime factors of b.
13
Suppose 0 = -3*b + 4*b + 8. Let f = -6 - b. Suppose -f*m = -m - 10. What are the prime factors of m?
2, 5
Let h = 9 + 361. List the prime factors of h.
2, 5, 37
Let g(w) = 5*w. Let m be (-119)/(-21) + (-1)/(-3). What are the prime factors of g(m)?
2, 3, 5
What are the prime factors of (3 - (-68)/12)*6?
2, 13
Suppose 5*h = -0*f + f + 14, -9 = -4*h + 3*f. List the prime factors of h.
3
Suppose -36 = -2*u + 74. Suppose -u - 19 = -2*x. What are the prime factors of x?
37
What are the prime factors of 1/((-1)/2) + 48?
2, 23
Let j be ((-6)/(-8))/(3/12). Suppose l - 23 = -6*k + k, -j*l - 3 = -3*k. List the prime factors of k.
2
Suppose 0 = -4*q, -3*v - 5*q + 681 = -15. List the prime factors of v.
2, 29
List the prime factors of ((-1344)/14)/((-6)/4).
2
Suppose -39 = -3*l + 36. List the prime factors of l.
5
Suppose 2*n - i + 3 = -4*i, -9 = 3*i. Suppose 4*q - n*m = 7*q - 15, 5*m = -q + 5. Suppose 0*v = q*v - 50. What are the prime factors of v?
2, 5
Suppose 18 = 4*i + 6. Suppose i*q + 5 = 17. Suppose k = -q*k + 60. List the prime factors of k.
2, 3
Let v(t) = t + 105. Suppose -4*z - 19 + 3 = -a, a + 4*z = -16. Let c be v(a). Suppose 2*q + c = 5*w + 27, 4*q + 16 = 0. List the prime factors of w.
2, 7
Let d(c) = -6*c - 5. Let g(v) = -3*v - 3. Let m = -11 - -6. Let b(l) = m*g(l) + 3*d(l). What are the prime factors of b(-2)?
2, 3
Suppose -2*z - 2*z = -24. Let s = -4 + z. Suppose -4 = -4*n + s*n. List the prime factors of n.
2
Let j(w) be the third derivative of -w**6/120 + w**5/6 - 7*w**4/24 - 11*w**3/6 - 3*w**2. Let u be j(9). Suppose -40 = 3*l - u*l. List the prime factors of l.
2, 5
Let s(c) = -4*c**3 - 4*c**2 + 7*c + 4. List the prime factors of s(-4).
2, 3, 7
Let f be 1/((-3)/(-15)*1). Suppose f*c - 2 + 7 = 0. What are the prime factors of (-3 - (0 + 2))*c?
5
Suppose 0 = 2*m + 6, 1548 = l + 4*l + 4*m. What are the prime factors of l?
2, 3, 13
Let x(z) = -2*z - 7. Let c be x(-5). Suppose -c*n - 2*n = 4*q + 4, 0 = -2*n. List the prime factors of (q + 1 - 1) + 13.
2, 3
Let u(c) = c**3 + 12*c**2 + 7. What are the prime factors of u(-12)?
7
Let z(o) be the first derivative of 3*o**2 - 8*o + 1. Let j be z(9). Suppose -b + 26 = -0*b - 4*x, -x + j = 5*b. What are the prime factors of b?
2, 5
Let t be (-63)/6 + (-3)/2. List the prime factors of (-8)/t*150/4.
5
Suppose 3*p + b + 158 = 0, -44 = p - 5*b + b. What are the prime factors of (p/3)/(12/(-18))?
2, 13
Suppose 4*z = 2*z + 190. Let u = z + -66. List the prime factors of u.
29
Suppose -a + 4 - 7 = 0. Let x be 1*6/a - 1. Let b = x - -8. List the prime factors of b.
5
Suppose -298 = -2*u - 94. List the prime factors of u.
2, 3, 17
Suppose 212 = 3*g + 4*h - 200, 2*g - 298 = 2*h. What are the prime factors of g?
2, 3
Let x(a) = a**2 + 4*a + 12. What are the prime factors of x(6)?
2, 3
Let m(l) = 2*l**2 - 4*l + 6. Let z be m(5). List the prime factors of (-3)/(z/(-136))*3.
2, 17
Let a(h) be the third derivative of 2/3*h**3 + 0*h - 1/24*h**4 + 0 - 3*h**2. What are the prime factors of a(-3)?
7
Let a(l) = -l**3 + 7*l**2 - 7*l - 4. Let y be (4 - 1)/(-3)*-6. Let u be a(y). Let s = 14 + u. List the prime factors of s.
2
Let j(p) = p**2 + 2*p + 4. Let y be j(-6). Suppose 0 = 4*c - 4 - y. Suppose -2*u + c = -v + 4*v, 3*u = 5*v - 7. List the prime factors of v.
2
Suppose 2*g - 55 = 3*o, 5*g + 0*o = -o + 180. List the prime factors of g.
5, 7
Let r(o) = 63*o**2 + 10*o + 14. List the prime factors of r(-2).
2, 3, 41
Let s be ((-2)/4)/(2/32). What are the prime factors of (-90)/s + 1/(-4)?
11
Let b be ((-21)/6 + 4)*6. Suppose b*o = o + 92. What are the prime factors of o?
2, 23
Suppose -7*z + 4860 = 11*z. What are the prime factors of z?
2, 3, 5
Suppose 0 = -3*m - 2*m + 285. What are the prime factors of 1*(-3 + m/3)?
2
Let a(b) = 2*b + 6. Let j be a(-6). Let u be 5 + j/3 - 11. Let h = 8 - u. List the prime factors of h.
2
Let u(h) = h + 12. Suppose -26 = -5*t + 19. What are the prime factors of u(t)?
3, 7
Suppose 2*b - 93 = 159. What are the prime factors of b?
2, 3, 7
Suppose -4*s = -20, -y = -s + 5 - 1. Let u be (0/(-2))/(1/1). List the prime factors of (u + 1/y)*2.
2
Let h(o) = -o**2 + 8*o - 8. Let b be 6/1 + 0 + 0. Let n be h(b). Suppose 0*p - n*t = -3*p + 30, -10 = -p + t. What are the prime factors of p?
2, 5
Suppose 5*i = 561 + 39. What are the prime factors of i?
2, 3, 5
Let q(x) = -x**3 + 10*x**2 - 7*x - 9. Let t be q(9). Suppose -3*o - t = -6*o. List the prime factors of o/((-3)/(-8) + 0).
2
Let q = -4 - -6. Suppose 4*i + 8 - 24 = 4*v, 10 = 3*i - q*v. What are the prime factors of -2 - i*(-21)/6?
5
Let i(n) = n**2 + 9*n + 8. List the prime factors of i(-10).
2, 3
Let u(d) = d - 2. Let p(x) = x**2 + 6*x + 7. Let b be p(-5). Let q be 1*(2/b - -6). List the prime factors of u(q).
5
Let q(p) = p**3 + 8*p**2 - 9*p + 9. Suppose 0*f = -4*f - 36. What are the prime factors of q(f)?
3
Suppose 5*t = q - 57 + 516, -5*t + 456 = -4*q. What are the prime factors of t?
2, 23
Let r = -9 + 11. Let k be r/(3/(18/4)). What are the prime factors of 0 - (-1 + k) - -14?
2, 3
Suppose 4*b + 0 = -5*o - 7, 3*o = 3*b - 15. Let u be (-11)/2*(-4 + b). Suppose 5*c = 9 + u. What are the prime factors of c?
2
Suppose v = 4*v - 36. Let u = v - -7. List the prime factors of u.
19
Let h(g) = 2*g**2 - 6*g + 7. List the prime factors of h(-5).
3, 29
Let v = 23 - 42. Let f = 29 + v. List the prime factors of 24/15*f/4.
2
Let y be (138*1)/(2 + 0). Let s = y - 46. What are the prime factors of s?
23
Let c(j) = 4*j**2 + 2*j + 1. Let a be c(-1). Suppose 2*k = 4*p - 16, -5*p + a*p = -4. Let z(o) = -4*o - 4. What are the prime factors of z(k)?
2, 3
Let t be (1*-6)/((-2)/1). Suppose -4*k - 12 - 7 = -5*f, t*f = 3*k + 12. What are the prime factors of f?
3
Let p be -8 + 0/(1 - -1). Suppose 6*r = 3*r + 15. What are the prime factors of (-1 + r)*(-14)/p?
7
Suppose -v + 1 = -k, -5*k - 2*v = 3*v - 25. Suppose i = k*i - 29. What are the prime factors of i?
29
Suppose -631 = -9*a + 1349. What are the prime factors of a?
2, 5, 11
Let i(h) = h**3 + 4*h**2 + 4*h + 3. Let g be i(-2). Suppose 0 = g*n - 11 + 5. List the prime factors of n.
2
Let s be 1 + -1 + (4 - 7). Let q(w) = w**2. Let z(r) = r**2 - 5*r + 1. Let v(c) = -2*q(c) + z(c). List the prime factors of v(s).
7
Let l = 41 + -21. Suppose 5*z - l = z. Suppose 3*p = t - 4*t + 15, -p - z*t = -1. What are the prime factors of p?
2, 3
Let c(j) = -7 + 0*j - j**2 - j - 11*j + 2*j. Let b be c(